{"id":202,"date":"2016-02-14T16:07:29","date_gmt":"2016-02-14T15:07:29","guid":{"rendered":"http:\/\/www.kindergruppeamerlinghaus.at\/web\/?page_id=202"},"modified":"2023-01-07T16:21:09","modified_gmt":"2023-01-07T15:21:09","slug":"essen","status":"publish","type":"page","link":"https:\/\/www.kindergruppeamerlinghaus.at\/web\/organisatorisches\/essen\/","title":{"rendered":"Essen"},"content":{"rendered":"<blockquote><p>In erster Linie sollte das, was gekocht wird, dem eigenen Kind schmecken. Das Essen wird von den Eltern zubereitet. Es wird vegetarisch gekocht.<\/p><\/blockquote>\n<p>Das Essen sollte vollwertig sein und zu einem gro\u00dfen Teil aus biologischen Zutaten bestehen (kein Fleisch, kein Fisch, keine Fertiggerichte). Zum Kochdienst geh\u00f6rt das Bereitstellen des Fr\u00fchst\u00fccks (Milch, Butter, K\u00e4se, Obst, Brot) und des Mittagessens (zwei G\u00e4nge).<\/p>\n<p>Das Fr\u00fchst\u00fcck sollte bis 9 Uhr in der Kindergruppe sein.<\/p>\n<p>Reinigung der K\u00fcche und Kontrolle des Eiskastens, sowie Mitnahme aller nicht verbrauchten Lebensmittel sind Teil des Elternkochdienstes.<\/p>\n<p><strong>Organisation<\/strong><\/p>\n<p>Die Organisation der Kochdienste erfolgt \u00fcber die digitale <span style=\"color: #ff0000;\"><a style=\"color: #ff0000;\" href=\"http:\/\/kochliste.appspot.com\/\" target=\"_blank\" rel=\"noopener\">Kochliste<\/a><\/span>. Dort werden\u00a0die Gerichte eingetragen, um Wiederholungen im Speiseplan m\u00f6glichst zu vermeiden. W\u00fcnsche hinsichtlich der Kochtermine werden von dem\/der Kochlistenersteller\/in im Vorhinein entgegengenommen. H\u00e4ngt die Liste einmal, hat man noch die M\u00f6glichkeit, mit jemandem zu tauschen.<\/p>\n<p><strong>All Time Classics (1)<\/strong><\/p>\n<ul>\n<li>Nudelsuppe<\/li>\n<li>Griesnockerlsuppe<\/li>\n<li>Fritattensuppe<\/li>\n<li>Minestrone<\/li>\n<li>K\u00fcrbiscremesuppe<\/li>\n<li>Zucchinicremesuppe<\/li>\n<li>Maiscremesuppe<\/li>\n<\/ul>\n<p><strong>All Time Classics (2)<\/strong><\/p>\n<ul>\n<li>Pasta mit Tomatenso\u00dfe\/Pesto<\/li>\n<li>Ofenkartoffel<\/li>\n<li>Erd\u00e4pfelgulasch<\/li>\n<li>Fisolengulasch<\/li>\n<li>Linsen mit Kn\u00f6deln<\/li>\n<li>Gem\u00fcsequiche<\/li>\n<li>Gem\u00fcse-Curry mit Reis<\/li>\n<\/ul>\n<p><strong>All Time Classics (3)<\/strong><\/p>\n<ul>\n<li>Kaiserschmarren mit Kompott<\/li>\n<li>Griesschmarren mit Kompott<\/li>\n<li>Apfel-Reisauflauf<\/li>\n<\/ul>\n<p>Mehr zur Organisation der Kochdienste finden Sie\u00a0<span style=\"color: #ff0000;\"><a style=\"color: #ff0000;\" href=\"http:\/\/www.kindergruppeamerlinghaus.at\/web\/mitbestimmung\/mitarbeit\/\">hier<\/a><\/span>.<\/p>\n","protected":false},"excerpt":{"rendered":"<p>In erster Linie sollte das, was gekocht wird, dem eigenen Kind schmecken. Das Essen wird von den Eltern&#8230;<\/p>\n","protected":false},"author":1,"featured_media":339,"parent":24,"menu_order":4,"comment_status":"closed","ping_status":"closed","template":"","meta":{"footnotes":""},"class_list":["post-202","page","type-page","status-publish","has-post-thumbnail","hentry"],"_links":{"self":[{"href":"https:\/\/www.kindergruppeamerlinghaus.at\/web\/wp-json\/wp\/v2\/pages\/202","targetHints":{"allow":["GET"]}}],"collection":[{"href":"https:\/\/www.kindergruppeamerlinghaus.at\/web\/wp-json\/wp\/v2\/pages"}],"about":[{"href":"https:\/\/www.kindergruppeamerlinghaus.at\/web\/wp-json\/wp\/v2\/types\/page"}],"author":[{"embeddable":true,"href":"https:\/\/www.kindergruppeamerlinghaus.at\/web\/wp-json\/wp\/v2\/users\/1"}],"replies":[{"embeddable":true,"href":"https:\/\/www.kindergruppeamerlinghaus.at\/web\/wp-json\/wp\/v2\/comments?post=202"}],"version-history":[{"count":8,"href":"https:\/\/www.kindergruppeamerlinghaus.at\/web\/wp-json\/wp\/v2\/pages\/202\/revisions"}],"predecessor-version":[{"id":977,"href":"https:\/\/www.kindergruppeamerlinghaus.at\/web\/wp-json\/wp\/v2\/pages\/202\/revisions\/977"}],"up":[{"embeddable":true,"href":"https:\/\/www.kindergruppeamerlinghaus.at\/web\/wp-json\/wp\/v2\/pages\/24"}],"wp:featuredmedia":[{"embeddable":true,"href":"https:\/\/www.kindergruppeamerlinghaus.at\/web\/wp-json\/wp\/v2\/media\/339"}],"wp:attachment":[{"href":"https:\/\/www.kindergruppeamerlinghaus.at\/web\/wp-json\/wp\/v2\/media?parent=202"}],"curies":[{"name":"wp","href":"https:\/\/api.w.org\/{rel}","templated":true}]}}

<blockquote><p>In erster Linie sollte das, was gekocht wird, dem eigenen Kind schmecken. Das Essen wird von den Eltern zubereitet. Es wird vegetarisch gekocht.</p></blockquote>
<p>Das Essen sollte vollwertig sein und zu einem großen Teil aus biologischen Zutaten bestehen (kein Fleisch, kein Fisch, keine Fertiggerichte). Zum Kochdienst gehört das Bereitstellen des Frühstücks (Milch, Butter, Käse, Obst, Brot) und des Mittagessens (zwei Gänge).</p>
<p>Das Frühstück sollte bis 9 Uhr in der Kindergruppe sein.</p>
<p>Reinigung der Küche und Kontrolle des Eiskastens, sowie Mitnahme aller nicht verbrauchten Lebensmittel sind Teil des Elternkochdienstes.</p>
<p><strong>Organisation</strong></p>
<p>Die Organisation der Kochdienste erfolgt über die digitale <span style="color: #ff0000;"><a style="color: #ff0000;" href="http://kochliste.appspot.com/" target="_blank" rel="noopener">Kochliste</a></span>. Dort werden die Gerichte eingetragen, um Wiederholungen im Speiseplan möglichst zu vermeiden. Wünsche hinsichtlich der Kochtermine werden von dem/der Kochlistenersteller/in im Vorhinein entgegengenommen. Hängt die Liste einmal, hat man noch die Möglichkeit, mit jemandem zu tauschen.</p>
<p><strong>All Time Classics (1)</strong></p>
<ul>
<li>Nudelsuppe</li>
<li>Griesnockerlsuppe</li>
<li>Fritattensuppe</li>
<li>Minestrone</li>
<li>Kürbiscremesuppe</li>
<li>Zucchinicremesuppe</li>
<li>Maiscremesuppe</li>
</ul>
<p><strong>All Time Classics (2)</strong></p>
<ul>
<li>Pasta mit Tomatensoße/Pesto</li>
<li>Ofenkartoffel</li>
<li>Erdäpfelgulasch</li>
<li>Fisolengulasch</li>
<li>Linsen mit Knödeln</li>
<li>Gemüsequiche</li>
<li>Gemüse-Curry mit Reis</li>
</ul>
<p><strong>All Time Classics (3)</strong></p>
<ul>
<li>Kaiserschmarren mit Kompott</li>
<li>Griesschmarren mit Kompott</li>
<li>Apfel-Reisauflauf</li>
</ul>
<p>Mehr zur Organisation der Kochdienste finden Sie <span style="color: #ff0000;"><a style="color: #ff0000;" href="http://www.kindergruppeamerlinghaus.at/web/mitbestimmung/mitarbeit/">hier</a></span>.</p>
