{"id":195,"date":"2016-02-14T15:55:49","date_gmt":"2016-02-14T14:55:49","guid":{"rendered":"http:\/\/www.kindergruppeamerlinghaus.at\/web\/?page_id=195"},"modified":"2025-11-30T07:40:43","modified_gmt":"2025-11-30T06:40:43","slug":"elternbeitrag","status":"publish","type":"page","link":"https:\/\/www.kindergruppeamerlinghaus.at\/web\/organisatorisches\/elternbeitrag\/","title":{"rendered":"Elternbeitrag"},"content":{"rendered":"<blockquote><p>Die aktuelle F\u00f6rderung der Stadt Wien deckt nicht alle Kosten der Kindergruppe ab. Der Elternbeitrag betr\u00e4gt 210\u20ac\/Monat\/Kind, dieser wird ab J\u00e4nner 2026 aufgrund von Mehrkosten auf 238\u20ac angehoben<\/p><\/blockquote>\n<p>Zus\u00e4tzlich fallen Kosten f\u00fcr das Essen an. Bei zwei Kochdiensten im Monat sind das f\u00fcr einen Monat ca. EUR 80,-. Gegebenenfalls kann man f\u00fcr den Essensbeitrag bei der MA11 um Zuschuss ansuchen.<\/p>\n<p>F\u00fcr neu Eintretende gibt es einen\u00a0<strong>Probemonat<\/strong>. Ansonsten ist eine K\u00fcndigung mit Wirksamkeit zum letzten Kalendertag eines jeden Monats unter Einhaltung einer K\u00fcndigungsfrist von zwei Monaten m\u00f6glich.<\/p>\n<p>Das Kind ist verbindlich angemeldet, sobald die\u00a0<strong>Anmeldegeb\u00fchr <\/strong>in der H\u00f6he von EUR 150,- bezahlt ist. Bei Eintritt des Kindes in die Kindergruppe sind EUR 180,- als\u00a0<strong>Kaution<\/strong>\u00a0zu leisten.\u00a0Beim Austritt aus der Kindergruppe wird die Kaution r\u00fcckerstattet, die Anmeldegeb\u00fchr verbleibt im Verein.<\/p>\n","protected":false},"excerpt":{"rendered":"<p>Die aktuelle F\u00f6rderung der Stadt Wien deckt nicht alle Kosten der Kindergruppe ab. Der Elternbeitrag betr\u00e4gt 210\u20ac\/Monat\/Kind, dieser&#8230;<\/p>\n","protected":false},"author":1,"featured_media":1409,"parent":24,"menu_order":3,"comment_status":"closed","ping_status":"closed","template":"","meta":{"footnotes":""},"class_list":["post-195","page","type-page","status-publish","has-post-thumbnail","hentry"],"_links":{"self":[{"href":"https:\/\/www.kindergruppeamerlinghaus.at\/web\/wp-json\/wp\/v2\/pages\/195","targetHints":{"allow":["GET"]}}],"collection":[{"href":"https:\/\/www.kindergruppeamerlinghaus.at\/web\/wp-json\/wp\/v2\/pages"}],"about":[{"href":"https:\/\/www.kindergruppeamerlinghaus.at\/web\/wp-json\/wp\/v2\/types\/page"}],"author":[{"embeddable":true,"href":"https:\/\/www.kindergruppeamerlinghaus.at\/web\/wp-json\/wp\/v2\/users\/1"}],"replies":[{"embeddable":true,"href":"https:\/\/www.kindergruppeamerlinghaus.at\/web\/wp-json\/wp\/v2\/comments?post=195"}],"version-history":[{"count":9,"href":"https:\/\/www.kindergruppeamerlinghaus.at\/web\/wp-json\/wp\/v2\/pages\/195\/revisions"}],"predecessor-version":[{"id":1408,"href":"https:\/\/www.kindergruppeamerlinghaus.at\/web\/wp-json\/wp\/v2\/pages\/195\/revisions\/1408"}],"up":[{"embeddable":true,"href":"https:\/\/www.kindergruppeamerlinghaus.at\/web\/wp-json\/wp\/v2\/pages\/24"}],"wp:featuredmedia":[{"embeddable":true,"href":"https:\/\/www.kindergruppeamerlinghaus.at\/web\/wp-json\/wp\/v2\/media\/1409"}],"wp:attachment":[{"href":"https:\/\/www.kindergruppeamerlinghaus.at\/web\/wp-json\/wp\/v2\/media?parent=195"}],"curies":[{"name":"wp","href":"https:\/\/api.w.org\/{rel}","templated":true}]}}

<blockquote><p>Die aktuelle Förderung der Stadt Wien deckt nicht alle Kosten der Kindergruppe ab. Der Elternbeitrag beträgt 210€/Monat/Kind, dieser wird ab Jänner 2026 aufgrund von Mehrkosten auf 238€ angehoben</p></blockquote>
<p>Zusätzlich fallen Kosten für das Essen an. Bei zwei Kochdiensten im Monat sind das für einen Monat ca. EUR 80,-. Gegebenenfalls kann man für den Essensbeitrag bei der MA11 um Zuschuss ansuchen.</p>
<p>Für neu Eintretende gibt es einen <strong>Probemonat</strong>. Ansonsten ist eine Kündigung mit Wirksamkeit zum letzten Kalendertag eines jeden Monats unter Einhaltung einer Kündigungsfrist von zwei Monaten möglich.</p>
<p>Das Kind ist verbindlich angemeldet, sobald die <strong>Anmeldegebühr </strong>in der Höhe von EUR 150,- bezahlt ist. Bei Eintritt des Kindes in die Kindergruppe sind EUR 180,- als <strong>Kaution</strong> zu leisten. Beim Austritt aus der Kindergruppe wird die Kaution rückerstattet, die Anmeldegebühr verbleibt im Verein.</p>

<p>Die aktuelle Förderung der Stadt Wien deckt nicht alle Kosten der Kindergruppe ab. Der Elternbeitrag beträgt 210€/Monat/Kind, dieser&#8230;</p>
