{"id":1110,"date":"2023-12-31T10:35:09","date_gmt":"2023-12-31T09:35:09","guid":{"rendered":"http:\/\/www.kindergruppeamerlinghaus.at\/web\/?page_id=1110"},"modified":"2024-01-01T19:19:57","modified_gmt":"2024-01-01T18:19:57","slug":"was-bedeutet-kindergruppe-fuer-mich-stimmen-unserer-eltern","status":"publish","type":"page","link":"https:\/\/www.kindergruppeamerlinghaus.at\/web\/was-bedeutet-kindergruppe-fuer-mich-stimmen-unserer-eltern\/","title":{"rendered":"Was bedeutet Kindergruppe f\u00fcr mich? \u2013\u00a0Stimmen unserer Eltern"},"content":{"rendered":"\n<blockquote class=\"wp-block-quote is-layout-flow wp-block-quote-is-layout-flow\">\n<blockquote class=\"wp-block-quote is-layout-flow wp-block-quote-is-layout-flow\" style=\"font-style:italic;font-weight:400\">\n<p>Was ist aus Sicht von uns Eltern das Besondere an einer elternverwalteten Kindergruppe? Was \u00fcberzeugt uns am Konzept und was sch\u00e4tzen wir im Alltag? Kurz: Was bedeutet Kindergruppe f\u00fcr uns? \u2013\u00a0Wir haben einige Statements zusammengestellt\u2026\u00a0<\/p>\n\n\n\n<p>&#8222;F\u00fcr mich bietet die Kindergruppe \u2013\u00a0neben der Tatsache dass die Kinder dort einen tollen, kreativen, offenen, positiven, herzlichen Raum zur Entwicklung haben \u2013 eine Gemeinschaft, die in der Stadt einen ungew\u00f6hnlichen (im positiven Sinn) lokalen Charakter hat. Man trifft die Eltern, Kinder, Betreuer:innen zuf\u00e4llig auf der Stra\u00dfe, im Park, vor und nach der Kindergruppe, beim Kochdienst etc., bleibt noch sitzen, plaudert kurz oder lang, interagiert. Dieses Gef\u00fchl und diese Situation hatte ich pers\u00f6nlich in meinen nun 23 Jahren in Wien noch nie in dieser Form.&#8220; <\/p>\n\n\n\n<figure class=\"wp-block-image size-large\"><img loading=\"lazy\" decoding=\"async\" width=\"1024\" height=\"768\" src=\"http:\/\/www.kindergruppeamerlinghaus.at\/web\/wp-content\/uploads\/2023\/02\/IMG_23A5E0915A7B-1-1024x768.jpeg\" alt=\"\" class=\"wp-image-1016\" srcset=\"https:\/\/www.kindergruppeamerlinghaus.at\/web\/wp-content\/uploads\/2023\/02\/IMG_23A5E0915A7B-1-1024x768.jpeg 1024w, https:\/\/www.kindergruppeamerlinghaus.at\/web\/wp-content\/uploads\/2023\/02\/IMG_23A5E0915A7B-1-300x225.jpeg 300w, https:\/\/www.kindergruppeamerlinghaus.at\/web\/wp-content\/uploads\/2023\/02\/IMG_23A5E0915A7B-1-768x576.jpeg 768w, https:\/\/www.kindergruppeamerlinghaus.at\/web\/wp-content\/uploads\/2023\/02\/IMG_23A5E0915A7B-1-1536x1152.jpeg 1536w, https:\/\/www.kindergruppeamerlinghaus.at\/web\/wp-content\/uploads\/2023\/02\/IMG_23A5E0915A7B-1.jpeg 1600w\" sizes=\"auto, (max-width: 1024px) 100vw, 1024px\" \/><\/figure>\n\n\n\n<blockquote class=\"wp-block-quote is-layout-flow wp-block-quote-is-layout-flow\" style=\"font-style:italic;font-weight:400\">\n<p><em>&#8222;Kindergruppe bedeutet f\u00fcr mich: Toleranz, Offenheit, Flexibilit\u00e4t, Kreativit\u00e4t, Gleichstellung, Humor, Ver\u00e4nderung, Solidarit\u00e4t, Bewegung, Gem\u00fctlichkeit, Nachhaltigkeit, Freiheit, Zukunftsorientierung.&nbsp;Ein guter Ort f\u00fcr alle.&#8220;&nbsp;\ud83d\ude0e\ud83d\ude0d<\/em><\/p>\n\n\n\n<blockquote class=\"wp-block-quote is-layout-flow wp-block-quote-is-layout-flow\" style=\"font-style:italic;font-weight:400\">\n<figure class=\"wp-block-image size-large\"><img loading=\"lazy\" decoding=\"async\" width=\"1024\" height=\"768\" src=\"http:\/\/www.kindergruppeamerlinghaus.at\/web\/wp-content\/uploads\/2021\/09\/IMG_5401-1024x768.jpg\" alt=\"\" class=\"wp-image-809\" srcset=\"https:\/\/www.kindergruppeamerlinghaus.at\/web\/wp-content\/uploads\/2021\/09\/IMG_5401-1024x768.jpg 1024w, https:\/\/www.kindergruppeamerlinghaus.at\/web\/wp-content\/uploads\/2021\/09\/IMG_5401-300x225.jpg 300w, https:\/\/www.kindergruppeamerlinghaus.at\/web\/wp-content\/uploads\/2021\/09\/IMG_5401-768x576.jpg 768w, https:\/\/www.kindergruppeamerlinghaus.at\/web\/wp-content\/uploads\/2021\/09\/IMG_5401.jpg 1536w\" sizes=\"auto, (max-width: 1024px) 100vw, 1024px\" \/><\/figure>\n\n\n\n<p><em>&#8222;Kindergruppe&nbsp;bedeutet f\u00fcr mich\u2026 <br \/>\u2026sich zu engagieren und gemeinschaftlich ein St\u00fcck unserer Zukunft zu gestalten.&nbsp;<br \/>\u2026eine Gemeinschaft zu haben, in der das Wir gr\u00f6\u00dfer ist als das Du und das Ich ist.&nbsp;<br \/>\u2026gemeinsame Zeit zu haben, gemeinsam zu lachen, zu weinen, zu diskutieren, Ideen zu w\u00e4lzen.&#8220;<\/em><\/p>\n<\/blockquote>\n<\/blockquote>\n<\/blockquote>\n<\/blockquote>\n\n\n\n<figure class=\"wp-block-image size-large\"><img loading=\"lazy\" decoding=\"async\" width=\"1024\" height=\"768\" src=\"http:\/\/www.kindergruppeamerlinghaus.at\/web\/wp-content\/uploads\/2023\/10\/IMG_BBDEAC8E4185-1-2-1024x768.jpeg\" alt=\"\" class=\"wp-image-1111\" srcset=\"https:\/\/www.kindergruppeamerlinghaus.at\/web\/wp-content\/uploads\/2023\/10\/IMG_BBDEAC8E4185-1-2-1024x768.jpeg 1024w, https:\/\/www.kindergruppeamerlinghaus.at\/web\/wp-content\/uploads\/2023\/10\/IMG_BBDEAC8E4185-1-2-300x225.jpeg 300w, https:\/\/www.kindergruppeamerlinghaus.at\/web\/wp-content\/uploads\/2023\/10\/IMG_BBDEAC8E4185-1-2-768x576.jpeg 768w, https:\/\/www.kindergruppeamerlinghaus.at\/web\/wp-content\/uploads\/2023\/10\/IMG_BBDEAC8E4185-1-2-1536x1152.jpeg 1536w, https:\/\/www.kindergruppeamerlinghaus.at\/web\/wp-content\/uploads\/2023\/10\/IMG_BBDEAC8E4185-1-2.jpeg 1600w\" sizes=\"auto, (max-width: 1024px) 100vw, 1024px\" \/><\/figure>\n\n\n\n<blockquote class=\"wp-block-quote is-layout-flow wp-block-quote-is-layout-flow\" style=\"font-style:italic;font-weight:400\">\n<p><em>&#8222;Kindergruppe&nbsp;bedeutet f\u00fcr mich\u2026<br \/>\u2026einen Ort zu haben, den meine Kinder lieben, wo sie ihre Freundschaften haben und das Leben erkunden k\u00f6nnen.<br \/>\u2026ein gro\u00dfes Netz zu haben mit Menschen, die sich kennen, austauschen und unterst\u00fctzen.<br \/>\u2026durch dick und d\u00fcnn zu gehen.&#8220;<\/em><\/p>\n\n\n\n<blockquote class=\"wp-block-quote is-layout-flow wp-block-quote-is-layout-flow\" style=\"font-style:italic;font-weight:400\">\n<figure class=\"wp-block-image size-large\"><img loading=\"lazy\" decoding=\"async\" width=\"1024\" height=\"768\" src=\"http:\/\/www.kindergruppeamerlinghaus.at\/web\/wp-content\/uploads\/2023\/05\/Theater2-1024x768.jpg\" alt=\"\" class=\"wp-image-1075\" srcset=\"https:\/\/www.kindergruppeamerlinghaus.at\/web\/wp-content\/uploads\/2023\/05\/Theater2-1024x768.jpg 1024w, https:\/\/www.kindergruppeamerlinghaus.at\/web\/wp-content\/uploads\/2023\/05\/Theater2-300x225.jpg 300w, https:\/\/www.kindergruppeamerlinghaus.at\/web\/wp-content\/uploads\/2023\/05\/Theater2-768x576.jpg 768w, https:\/\/www.kindergruppeamerlinghaus.at\/web\/wp-content\/uploads\/2023\/05\/Theater2-1536x1152.jpg 1536w, https:\/\/www.kindergruppeamerlinghaus.at\/web\/wp-content\/uploads\/2023\/05\/Theater2.jpg 1600w\" sizes=\"auto, (max-width: 1024px) 100vw, 1024px\" \/><\/figure>\n\n\n\n<p><em>&#8222;Ein wunderbarer Ort, der die&nbsp;Kinder&nbsp;unterst\u00fctzt und ermutigt so zu sein, wie sie m\u00f6chten.<br \/>Selbstbestimmtheit, Offenheit und warmherzige Betreuung werden hier&nbsp;GROSSgeschrieben.<br \/>Das famili\u00e4re Klima und die entspannte Atmosph\u00e4re bieten auch den Eltern einen&nbsp;Ruhepol&nbsp;im stressigen Alltag.&#8220;<\/em><\/p>\n<\/blockquote>\n<\/blockquote>\n\n\n\n<figure class=\"wp-block-image size-large\"><img loading=\"lazy\" decoding=\"async\" width=\"768\" height=\"1024\" src=\"http:\/\/www.kindergruppeamerlinghaus.at\/web\/wp-content\/uploads\/2022\/10\/IMG_284B42703CBA-1-768x1024.jpeg\" alt=\"\" class=\"wp-image-870\" srcset=\"https:\/\/www.kindergruppeamerlinghaus.at\/web\/wp-content\/uploads\/2022\/10\/IMG_284B42703CBA-1-768x1024.jpeg 768w, https:\/\/www.kindergruppeamerlinghaus.at\/web\/wp-content\/uploads\/2022\/10\/IMG_284B42703CBA-1-225x300.jpeg 225w, https:\/\/www.kindergruppeamerlinghaus.at\/web\/wp-content\/uploads\/2022\/10\/IMG_284B42703CBA-1-1152x1536.jpeg 1152w, https:\/\/www.kindergruppeamerlinghaus.at\/web\/wp-content\/uploads\/2022\/10\/IMG_284B42703CBA-1.jpeg 1200w\" sizes=\"auto, (max-width: 768px) 100vw, 768px\" \/><\/figure>\n\n\n\n<blockquote class=\"wp-block-quote is-layout-flow wp-block-quote-is-layout-flow\" style=\"font-style:italic;font-weight:400\">\n<p><em>&#8222;Was ich an unserer&nbsp;Kindergruppe&nbsp;besonders sch\u00e4tze:<br \/>&#8230;die M\u00f6glichkeit mitzugestalten und gemeinsam L\u00f6sungen zu finden<br \/>\u2026das frisch gekochte Essen<br \/>\u2026die vielf\u00e4ltigen Angebote in unterschiedlichste Richtungen, die durch die Betreuerinnen gesetzt werden&#8220;<\/em><\/p>\n<\/blockquote>\n","protected":false},"excerpt":{"rendered":"<p>&#8222;Was ich an unserer&nbsp;Kindergruppe&nbsp;besonders sch\u00e4tze:&#8230;die M\u00f6glichkeit mitzugestalten und gemeinsam L\u00f6sungen zu finden\u2026das frisch gekochte Essen\u2026die vielf\u00e4ltigen Angebote in&#8230;<\/p>\n","protected":false},"author":4,"featured_media":823,"parent":0,"menu_order":0,"comment_status":"closed","ping_status":"closed","template":"","meta":{"footnotes":""},"class_list":["post-1110","page","type-page","status-publish","has-post-thumbnail","hentry"],"_links":{"self":[{"href":"https:\/\/www.kindergruppeamerlinghaus.at\/web\/wp-json\/wp\/v2\/pages\/1110","targetHints":{"allow":["GET"]}}],"collection":[{"href":"https:\/\/www.kindergruppeamerlinghaus.at\/web\/wp-json\/wp\/v2\/pages"}],"about":[{"href":"https:\/\/www.kindergruppeamerlinghaus.at\/web\/wp-json\/wp\/v2\/types\/page"}],"author":[{"embeddable":true,"href":"https:\/\/www.kindergruppeamerlinghaus.at\/web\/wp-json\/wp\/v2\/users\/4"}],"replies":[{"embeddable":true,"href":"https:\/\/www.kindergruppeamerlinghaus.at\/web\/wp-json\/wp\/v2\/comments?post=1110"}],"version-history":[{"count":13,"href":"https:\/\/www.kindergruppeamerlinghaus.at\/web\/wp-json\/wp\/v2\/pages\/1110\/revisions"}],"predecessor-version":[{"id":1179,"href":"https:\/\/www.kindergruppeamerlinghaus.at\/web\/wp-json\/wp\/v2\/pages\/1110\/revisions\/1179"}],"wp:featuredmedia":[{"embeddable":true,"href":"https:\/\/www.kindergruppeamerlinghaus.at\/web\/wp-json\/wp\/v2\/media\/823"}],"wp:attachment":[{"href":"https:\/\/www.kindergruppeamerlinghaus.at\/web\/wp-json\/wp\/v2\/media?parent=1110"}],"curies":[{"name":"wp","href":"https:\/\/api.w.org\/{rel}","templated":true}]}}